+ 2*n**2 + 2*n - 7. What are the prime factors of p(r)?
113
Suppose -82979*m + 522753 = -82968*m. List the prime factors of m.
3, 7, 31, 73
Let y(a) = -7*a + 6. Let p be y(-2). Suppose -17*i - p = -19*i. Suppose i*w - 35 = 65. What are the prime factors of w?
2, 5
Let c(f) = 164*f - 10. Suppose -4*b + 0*b - 25 = -i, 0 = i + 4*b + 15. Let x be c(i). Suppose 11*t - x - 191 = 0. List the prime factors of t.
7, 13
Let j = -220 + -167. Let l = -272 - j. List the prime factors of l.
5, 23
Suppose -51653 = -z - 3*o + 1967, -3*o - 53662 = -z. List the prime factors of z.
7, 79, 97
Let n(z) = 4*z + 26. Let o be n(-6). Suppose -u - r - 13 = -3*r, -u = r - o. List the prime factors of u/(6/(-34))*(-1 + 2).
17
Let n(g) = -70*g - 3. Let q = -44 - -59. Let k = -19 + q. List the prime factors of n(k).
277
Suppose -818 = 4*d - 5*d. Suppose 4*q = -y + d, 2*q = -3*q + 4*y + 1012. What are the prime factors of q?
2, 3, 17
Let b = 1622 + -1618. Let z be (0 + -5)*(-99 + 1). Suppose -m = b*m - z. List the prime factors of m.
2, 7
Let p(f) = 3*f**2 + 23*f + 6. Let i be p(-7). What are the prime factors of 42/(-1)*-9 + (i - -4)?
2, 11, 17
Suppose 3265 = 63*t - 608717. List the prime factors of t.
2, 3, 1619
Suppose 97*s + 3*r - 143027 = 93*s, -r - 3 = 0. What are the prime factors of s?
35759
Suppose -7*p + 5*p = -48. Suppose p*q = 6088 - 1096. List the prime factors of q.
2, 13
Let f be (-10)/(-4)*(-8)/(-2). Suppose f*v = v + 72. Let z(x) = -x**3 + 7*x**2 + 10*x - 3. What are the prime factors of z(v)?
13
Suppose -154 = -6*d + 224. Let b = d - 35. Suppose 25*x - 27*x = -b. List the prime factors of x.
2, 7
Let l = -435 - -448. Let v(r) = 5*r**2 - 9*r - 12. What are the prime factors of v(l)?
2, 179
Let s(l) = -115*l + 221*l + 135*l - 92. What are the prime factors of s(4)?
2, 109
Suppose -173*x + 25584602 + 4522224 = 246*x. What are the prime factors of x?
2, 37, 971
Let q(c) = 29 + 107*c - 14*c + 16 + 135*c. Let s(t) = 65*t + 13. Let r(j) = -5*q(j) + 18*s(j). List the prime factors of r(8).
3, 83
Suppose 0 = -5*k - 72*o + 74*o + 37136, -2*o = 6. List the prime factors of k.
2, 47, 79
Let h(p) = 34*p**2 + 17*p - 76. List the prime factors of h(9).
19, 149
Suppose 3*k = -2*p + 882, k - 4*k - 1308 = -3*p. Let a = p - -311. List the prime factors of a.
7, 107
Suppose 3*c + 2*y = 7965, -22*y + 2662 = c - 19*y. What are the prime factors of c?
7, 379
Let t = -2842 - -2009. Let m = 2008 + t. List the prime factors of m.
5, 47
Let w(c) = 15*c**2 + 69*c + 500. What are the prime factors of w(28)?
2, 887
Let g(c) = 7*c**2 - 25*c + 21. Let f(y) = y**2 - y. Let j(l) = 6*f(l) - g(l). Let x be j(18). Let u(w) = -44*w - 2. What are the prime factors of u(x)?
2, 5, 13
Suppose 162*d = 627543 + 105907 + 210200. List the prime factors of d.
5, 233
Suppose -m = -3, 0*n - 3*m = n - 11. Let s(q) = -2*q**3 - 1 - 2*q - 320*q**2 - 318*q**2 + 14*q**3 + 637*q**2. List the prime factors of s(n).
3, 29
Let z(i) = i**3 - 5*i**2 - 7*i + 8. Let s(c) = 8*c + 5. Let l be s(12). Let k = l - 95. What are the prime factors of z(k)?
2
What are the prime factors of 26/(-1*(-10)/880)?
2, 11, 13
Suppose 16 = 3*x + x. Suppose -t = x - 0, 5*m + 4*t = 14. Suppose -5*c = 3*f - m*f + 493, -4*f + 650 = -3*c. List the prime factors of f.
7, 23
Let k(w) = w**2 + 4*w + 5. Let f be k(11). Suppose u + u - 40 = 0. Suppose -u = -2*c + f. List the prime factors of c.
5, 19
Suppose 4*c - 761320 = 39*c. List the prime factors of c/(-16) + ((-35)/(-10) - 4).
3, 151
Let x = -179 + 354. Suppose a - 4*j = 180, 4*j + x = a + j. What are the prime factors of a?
2, 5
Let u = 82703 - 53944. List the prime factors of u.
28759
Suppose 4*x = 3679 + 1197. What are the prime factors of x?
23, 53
Let p be (3 - 0 - 3) + 4 + -1. Let f(t) = -8 + 26 - 2*t**p - 9*t - 2*t**2 + t**3 + 11*t**2. What are the prime factors of f(8)?
2, 5
Let h(o) = -42*o**2 + o + 17. Let d(l) = -42*l**2 + 2*l + 15. Let u(m) = -6*d(m) + 5*h(m). What are the prime factors of u(-3)?
2, 197
Let s = -221 - -167. Let t = 57 - s. What are the prime factors of t?
3, 37
Let c(z) be the first derivative of 9*z**2 + 42*z - 73. What are the prime factors of c(12)?
2, 3, 43
Let t = 115 - -367. Let l = -60 + 58. What are the prime factors of (l - (-15)/9)*(5 - t)?
3, 53
Suppose 81*k - 270 = 164*k - 85*k. Suppose 5*h - 2*t = 1262, t + 3*t = 3*h - 746. Let u = h - k. List the prime factors of u.
7, 17
Let z be -2*345/78 - (-10)/(-65). Let r be (-2)/(-1) - 30/z*9. Suppose 0 = 3*n + r - 185. What are the prime factors of n?
3, 17
Let j be (8/(-22))/(14/(-77)). Suppose -4*t - 1 = h - 4, 0 = -5*t - j*h. Suppose t*u = 160 + 28. What are the prime factors of u?
2, 47
Let n = -6797 - -7995. What are the prime factors of n?
2, 599
Suppose 11*q - 36 + 322 = 0. Let m(i) = -6*i + 115. What are the prime factors of m(q)?
271
Let u(o) = 12*o**3 + 1467*o**2 - 106*o - 287. What are the prime factors of u(-122)?
3, 71, 269
List the prime factors of (-6)/(-36)*(93963 - 9).
7, 2237
Let d be (20/(-40))/((-1)/6154). Let z = 4423 - d. List the prime factors of z.
2, 673
Let q(s) = -s**2 - 5*s + 25. Let x be q(-9). Let p(d) = -81*d + 275. List the prime factors of p(x).
2, 11, 53
Suppose 0 = -652*p + 548*p + 5742256. What are the prime factors of p?
2, 19, 1453
Let a(t) = t**2 - 149*t - 12561. List the prime factors of a(-197).
7, 13, 47
Let b(h) = h - 7. Let p be b(-16). Suppose 234 = 4*i - 7*i. Let r = p - i. What are the prime factors of r?
5, 11
Suppose -4*d = -4*m - 24, -2*m - 1 = 5*d - 10. Let h = -21 + 55. Suppose -4*z + d*z = -h. What are the prime factors of z?
2, 17
Let t(o) = 25*o - 126. Let w(m) = -12*m + 64. Let x(v) = 4*t(v) + 9*w(v). What are the prime factors of x(-27)?
2, 3
Let t = 209 + -82. Let m = 228 - t. Suppose 0 = -102*x + m*x + 102. List the prime factors of x.
2, 3, 17
Let x(t) = t**2 + t + 4. Let g(n) = -2*n**2 - n - 4. Let k(i) = -2*g(i) - 3*x(i). Suppose 0 = 15*p + 64 - 169. What are the prime factors of k(p)?
2, 19
Let i = -23 - -37. Suppose i + 22 = 4*s. Suppose 2*q = 3*l - 227, 5*q = 2*l - s - 135. List the prime factors of l.
7, 11
Suppose -5*n = 14 + 1. Suppose -10*g = -97 - 1143. What are the prime factors of g/(-2 - n) + -4?
2, 3, 5
Let m = 426 + -67. Suppose 5*r - r - 3*y = 487, 4*y - m = -3*r. List the prime factors of r.
11
Let x = 72 - 73. List the prime factors of x*(0 + -469 + -5).
2, 3, 79
Suppose -4*g = -0*g. Let l be 3 - (-126)/(g - -1). Suppose -53 = -7*m + l. List the prime factors of m.
2, 13
Suppose -4*f = 3*m - 869 - 119, 3*f = -4*m + 734. Let q be (1 + 0)/(-2) + f/20. Let u = q - -85. What are the prime factors of u?
97
Suppose -2*d + 3*a - 9 = 0, 3*a = -4*d - 0*a + 9. Suppose d = 2*s - 48 + 52. What are the prime factors of -4 + (-7)/s + 133/2?
2, 3, 11
Let m be -2*1/(-2)*14. Suppose -16*x = -18*x + m. List the prime factors of x.
7
Suppose p + 3*v - 25123 = 0, p - 2*v - 28435 = -3317. What are the prime factors of p?
2, 5, 157
Let m = -11 + 24. Suppose m*s - 8*s = -25. What are the prime factors of (-90)/(-4)*((-12)/s)/2?
3
Let n = 73170 + -40832. What are the prime factors of n?
2, 19, 23, 37
Let k be (9 - 1)*(-4)/8. Let w be k/(-6)*2616/16. Suppose -w = -c - 31. List the prime factors of c.
2, 3, 13
Let a be (-110)/15*(0 - 0 - 6). Suppose -5*f + a + 46 = 0. Suppose -v - 2346 = -f*v. List the prime factors of v.
2, 3, 23
Let h be (3*-2*-2)/(238/26537). Suppose 3*f - 534 = -2*x + 4*f, -4*f = -5*x + h. List the prime factors of x.
2, 7, 19
Suppose 21 - 9 = 4*b. Suppose -1049 = -5*l + 3*u, b*l - 4*u + 2*u - 629 = 0. What are the prime factors of l?
211
Suppose 0 = -5*k + 2*v - 0*v - 40, -4*v = -4*k - 20. Let h(y) = 11 - 2*y**2 + 5*y**2 - 2*y**2 + 3*y. What are the prime factors of h(k)?
3
What are the prime factors of (-4)/(-6)*-1 + 0 - (-8813870)/4530?
5, 389
Let a be 8/6*4395/10. Let r = a - -20. List the prime factors of r.
2, 3, 101
Let p(o) = -36*o - 46. Let f be -66*(-1)/(-9)*-3. Let y(i) = i - 28. Let d be y(f). What are the prime factors of p(d)?
2, 5, 17
Let d(x) = 35*x - 248 - 5*x**3 + 264 - 10*x**2 + 4*x**3. What are the prime factors of d(-14)?
2, 5, 31
What are the prime factors of ((-78540)/350)/(4/(-30))?
3, 11, 17
Let u be 3/6 - (-15)/6. Suppose -2152 = -s - u*s - 5*i, -s + 2*i = -538. What are the prime factors of s?
2, 269
Sup